be y(-10). Suppose 7*q - w = 2*q. What is the remainder when c is divided by q?
13
Let t = -14 - -14. Suppose -2*g - 5*g + 182 = t. Calculate the remainder when 50 is divided by g.
24
Let d = 702 - 448. Calculate the remainder when d is divided by 51.
50
What is the remainder when 70/(-245) - (-3336)/14 is divided by 16?
14
Suppose -2*q - 1 = -z - 6*q, 5*q + 10 = 0. Let y(t) = t**3 - 11*t**2 + 20*t + 7. What is the remainder when y(z) is divided by 14?
11
Suppose -11 = -6*n + 67. Let j = -12 - 13. Let y = j - -49. What is the remainder when y is divided by n?
11
Suppose 7*s - 3*n = 3*s - 433, -3*s = n + 328. Let y = s + 239. Calculate the remainder when y is divided by 33.
31
What is the remainder when 179 is divided by 215/6 + 15/90?
35
Let a = 91 - 89. Suppose a*j - 19 = 31. Suppose -3*f + 8 = g, g + 0*f - 20 = 3*f. What is the remainder when j is divided by g?
11
Let i = -313 - -424. Calculate the remainder when i is divided by 18.
3
Let l(r) = 104*r**2 - 1 - 52*r**2 + 7*r - 50*r**2. Let x = 18 + -10. Calculate the remainder when l(-5) is divided by x.
6
Let t(g) = g**2 - g - 9. Let z(k) = -k**2 - 12*k - 8. Let w be z(-12). Let l = 14 + w. Calculate the remainder when t(l) is divided by 9.
3
Let c be 27/5 - 39/(-65). Suppose -j - c*y + y = -78, 217 = 4*j + y. What is the remainder when j is divided by 14?
11
Let v = -36 - -72. Suppose 1598 = 11*l + 47. Calculate the remainder when l is divided by v.
33
Let u = 66 - 22. Let d = u - 20. What is the remainder when 69 is divided by d?
21
What is the remainder when (18/(-4))/(1*6/(-200)) is divided by 26?
20
Let q(r) = r - 6. Let j be q(0). Let m be 10/(-15) + (-4)/j. Suppose -4*f + 5*o + 77 = m, 3*o = 2*f - 0*o - 39. Calculate the remainder when 33 is divided by f.
15
Let c = 1400 - 1382. Calculate the remainder when 1295/20 - (-2)/8 is divided by c.
11
Suppose -3*z = 9 + 9. Let u(i) = i**2 - 4*i + 2. What is the remainder when u(6) is divided by (-4)/12 - 32/z?
4
Suppose -124 = -c + 30. Calculate the remainder when c is divided by 39.
37
Let x = 190 + -162. Calculate the remainder when 80 is divided by x.
24
Let f = 5 + -5. Suppose -p = -f - 15. Suppose -3*b = 4*k - 132, 3*b - 7*k = -3*k + 132. What is the remainder when b is divided by p?
14
Suppose -3*k + 0*k + 141 = 0. Let l = -72 + k. Let u = l + 37. What is the remainder when 34 is divided by u?
10
Let f = 78 - 69. What is the remainder when ((-24)/5)/(3/(-20)) is divided by f?
5
Let z = 459 - 442. Let s = -20 - -53. What is the remainder when s is divided by z?
16
Suppose 0 = -75*v + 108*v - 1320. Calculate the remainder when v is divided by (-4)/12 - 92/(-6).
10
Let x = 314 - -1089. Calculate the remainder when x is divided by 27.
26
Suppose -2*m - 6 = 2*l, -47 = -5*m + 4*l - 17. Calculate the remainder when (20/(-15))/((-10)/75) is divided by m.
0
Suppose 9*i = 4*i + 475. Let t = -10755 - -10779. What is the remainder when i is divided by t?
23
Suppose 4*z - 6 = 10. Suppose 176 = z*k + 20. What is the remainder when 1178/57*(-15)/(-2) is divided by k?
38
Let m be (-29)/(14/(-3) + 5). Let p = m - -98. What is the remainder when 65 is divided by p?
10
Let x = 4 - -34. Let p = x + -30. What is the remainder when 23 is divided by p?
7
Suppose -u - 2*u = -4*l + 816, -4*l + u = -808. Let r = 355 - l. Suppose 5*f - 275 = 3*o, -5*f = 4*o - r - 156. Calculate the remainder when f is divided by 20.
18
What is the remainder when (-1022)/(-70) - (-4)/10 is divided by -1*((0 - 5) + -2)?
1
Let o(i) = 18*i**2 + 4*i + 5. Let z(s) = -9*s**2 - 2*s - 2. Let v = 8 + -15. Let l(p) = v*z(p) - 3*o(p). What is the remainder when 18 is divided by l(1)?
8
Let x be ((-2)/6 - 0)*-93. Suppose -7*d + 18 + x = 0. What is the remainder when d is divided by 3?
1
Let x(u) = 2*u**2 + 2*u - 23. Let k be x(0). Let z = k - -110. What is the remainder when z is divided by 8?
7
Let x = 13 - 7. Let v be x/(1/(3 - 4)). What is the remainder when 11 is divided by (v - 0)*(-6)/4?
2
Suppose -4*y = -x + 13, -5*x + 6*y - 10*y - 7 = 0. What is the remainder when (4*x)/((-1)/(-32) + 0) is divided by 26?
24
Suppose 2*h = 9 + 23. Suppose -1741 + 441 = -100*v. What is the remainder when h is divided by v?
3
Let a be -3*(4/(-6) - 1). Suppose -2*l + 4 = 5*t - 4, a*t + 20 = 0. What is the remainder when l is divided by 5/(50/(-110)) - -16?
4
What is the remainder when 59 is divided by 1*-5*(-323)/95?
8
Suppose 4*k + 24 = -48. Let n = k - -36. Calculate the remainder when n is divided by 8.
2
Suppose 2*d = -8 - 22. Let j be (-24 - 0)*(-8)/6. Let v = j + d. What is the remainder when v is divided by 12?
5
Let u = 2 + 7. Let a = -17 + 38. Let l = a + 12. Calculate the remainder when l is divided by u.
6
Suppose z + 0*z - 15 = 0. Suppose -4*f + 373 = h, 3*h + 480 = 5*f + 7*h. Let r = -33 + f. Calculate the remainder when r is divided by z.
14
Let a(j) = 13 - 2*j - 2*j + 2*j + 3*j. Calculate the remainder when a(-11) is divided by 2.
0
Let l(n) = -n + 0*n - 3*n + 5*n + 6. What is the remainder when 65 is divided by l(11)?
14
Let s(w) = -42*w - 17*w - 6*w. What is the remainder when s(-1) is divided by 22?
21
Let c(o) = 13*o**2 - 11*o + 7. What is the remainder when c(-3) is divided by 23?
19
Let h = 45 + -43. Suppose -h*o = 4*a - 98, -9*o + 127 = 5*a - 5*o. Calculate the remainder when 45 is divided by a.
22
Let q(u) = -u**2 + 7*u + 4. Let d = -1 + 6. Calculate the remainder when 25 is divided by q(d).
11
Suppose 14*c - 12*c - 134 = 0. What is the remainder when c is divided by 32?
3
Suppose -20 = 1396*w - 1400*w. Calculate the remainder when 64 is divided by w.
4
Let x = 25 + -9. Let q = 61 + -32. What is the remainder when q is divided by x?
13
Suppose 0 = -0*g + 2*g - 58. Calculate the remainder when (5 + -8)/(9/(-156)) is divided by g.
23
Suppose 34*r = 36*r - 104. What is the remainder when 54 is divided by r?
2
Suppose -p = -2*b - 8, 0 = 4*p + 3*b - 1 + 2. Suppose p*m + 2*m - 84 = 0. Suppose 87*r - 992 = 52. What is the remainder when m is divided by r?
9
Suppose -68 = 3*h - h. Let v be h/(-9) + (-6)/(-27). Calculate the remainder when 113 is divided by (-31 - -2)*v/(-4).
26
Let i = -9 - -12. What is the remainder when 55 is divided by 12*(i/9 - 2)*-1?
15
Let z(t) = 5*t**2 + 4*t + 6. Let g be z(-2). Calculate the remainder when 33 is divided by (-2)/(((-28)/g)/7).
6
Let z(c) = c - 2. Let k be z(0). Let j = k + -6. What is the remainder when (38/(-8))/(j/32) is divided by 10?
9
Suppose 0 = 9*p - 40*p + 10819. What is the remainder when p is divided by 8?
5
Suppose -14*m + 61 = -9. What is the remainder when 33 is divided by m?
3
Suppose 14*n + 552 = 38*n. What is the remainder when 182 is divided by n?
21
Suppose -5*k - 5*u + 30 = 0, 2*k - u - 12 = -3. What is the remainder when k is divided by 3?
2
Suppose -17*k + 350 = -7*k. Calculate the remainder when 108 is divided by k.
3
Let h(i) = 2*i + 22. Let y be h(-10). Let a(k) = k**3 + k**2 - 3*k. Calculate the remainder when 12 is divided by a(y).
0
What is the remainder when ((0 - 3)/(-3))/((-4)/(-292)) is divided by 20?
13
Let h(k) = 9*k**2 - k. Suppose -5*s = 5, -3*s - s = 4*v - 28. What is the remainder when h(-1) is divided by v?
2
Calculate the remainder when 1035 is divided by -3 + (155/62)/((-1)/(-8)).
15
Let i = -45 + 90. What is the remainder when i is divided by (-2 + -11)*(0 + -1)?
6
Let a be 3/(3/53)*(2 - 3). Let x = -38 - a. What is the remainder when 42*(4/(-3))/(-2) is divided by x?
13
Let a = 17 - 14. Suppose -3*h = 12, -a*t + 2*t = h - 10. What is the remainder when 95 is divided by t?
11
Let k = 18 - 20. Let l be 12*k/(-4) - 2. Suppose -l*g - 92 = -8*g. Calculate the remainder when g is divided by 6.
5
Let p(g) = 2*g**2 + 19*g - 24. What is the remainder when p(-14) is divided by 26?
24
Let t(y) = 2*y**2 + 6*y - 6. Let v be t(-7). Let g = 100 + v. Calculate the remainder when g is divided by 51.
48
Calculate the remainder when 2/(1 - (-19)/(-21)) is divided by 6/30 + 354/30.
9
Let j = 0 - -1. Suppose -f = 2*g + j, 2*f - 29 = -2*f + 3*g. Calculate the remainder when 14 is divided by f.
4
Let g(m) = -6*m**2 - 20*m - 15. Let o(c) = -14*c**2 - 40*c - 30. Let a(t) = -5*g(t) + 2*o(t). Calculate the remainder when 42 is divided by a(-10).
12
Suppose 3*u = -u + z + 25, 19 = 3*u - z. Suppose 0 = k + u - 13. What is the remaind